of 284890?
2, 5, 31, 919
List the prime factors of 525319.
47, 11177
List the prime factors of 16553477.
16553477
List the prime factors of 5659168.
2, 176849
What are the prime factors of 1899810?
2, 3, 5, 11, 19, 101
What are the prime factors of 104693?
104693
What are the prime factors of 259998?
2, 3, 17, 2549
List the prime factors of 8759579.
8759579
What are the prime factors of 258007?
59, 4373
What are the prime factors of 1921633?
7, 39217
List the prime factors of 617814.
2, 3, 17, 673
What are the prime factors of 7649327?
7, 71, 15391
List the prime factors of 784161.
3, 7, 461
What are the prime factors of 145398?
2, 3, 11, 2203
What are the prime factors of 1634299?
857, 1907
What are the prime factors of 4997198?
2, 2498599
What are the prime factors of 460753?
31, 89, 167
What are the prime factors of 1155131?
89, 12979
List the prime factors of 2772515.
5, 554503
List the prime factors of 489388.
2, 122347
What are the prime factors of 628941?
3, 209647
List the prime factors of 47201.
7, 11, 613
List the prime factors of 262251.
3, 11, 883
What are the prime factors of 2700630?
2, 3, 5, 37, 811
What are the prime factors of 634318?
2, 317159
What are the prime factors of 50621?
223, 227
What are the prime factors of 1467390?
2, 3, 5, 41, 1193
What are the prime factors of 349103?
59, 61, 97
What are the prime factors of 949898?
2, 474949
List the prime factors of 47244.
2, 3, 31, 127
What are the prime factors of 121471?
7, 37, 67
What are the prime factors of 983955?
3, 5, 7, 9371
List the prime factors of 31368024.
2, 3, 29, 83, 181
List the prime factors of 3555983.
19, 211, 887
List the prime factors of 316068.
2, 3, 26339
What are the prime factors of 392790?
2, 3, 5, 13093
List the prime factors of 1662842.
2, 19, 43759
What are the prime factors of 1158006?
2, 3, 17, 11353
List the prime factors of 1084596.
2, 3, 19, 67, 71
What are the prime factors of 84880?
2, 5, 1061
What are the prime factors of 1616870?
2, 5, 17, 9511
List the prime factors of 4959356.
2, 1239839
List the prime factors of 1551136.
2, 48473
List the prime factors of 379925.
5, 7, 13, 167
List the prime factors of 5023375.
5, 7, 5741
List the prime factors of 7637706.
2, 3, 141439
List the prime factors of 49042.
2, 7, 31, 113
What are the prime factors of 89729?
53, 1693
List the prime factors of 548182.
2, 17, 23, 701
What are the prime factors of 1395056?
2, 13, 19, 353
What are the prime factors of 5684684?
2, 101, 14071
What are the prime factors of 401607?
3, 44623
What are the prime factors of 1259037?
3, 13, 17, 211
What are the prime factors of 11742853?
73, 160861
What are the prime factors of 160922?
2, 17, 4733
List the prime factors of 4043963.
7, 11, 29, 1811
List the prime factors of 4430373.
3, 1476791
What are the prime factors of 11216489?
107, 104827
What are the prime factors of 773766?
2, 3, 7, 23, 89
List the prime factors of 863726.
2, 431863
List the prime factors of 23726590.
2, 5, 2372659
What are the prime factors of 39093?
3, 83, 157
List the prime factors of 10022251.
10022251
What are the prime factors of 1961449?
7, 280207
List the prime factors of 462479.
19, 101, 241
What are the prime factors of 11511800?
2, 5, 57559
What are the prime factors of 136700?
2, 5, 1367
List the prime factors of 8999019.
3, 29, 1277
What are the prime factors of 82085?
5, 16417
What are the prime factors of 7852295?
5, 11, 12979
What are the prime factors of 11402682?
2, 3, 17, 111791
What are the prime factors of 8312409?
3, 7, 61, 103
List the prime factors of 129777.
3, 181, 239
List the prime factors of 1827361.
1827361
List the prime factors of 3485099.
331, 10529
List the prime factors of 996644.
2, 11, 22651
What are the prime factors of 38149?
38149
What are the prime factors of 88116?
2, 3, 7, 1049
List the prime factors of 3010849.
137, 21977
What are the prime factors of 27939673?
29, 173, 5569
List the prime factors of 1499945.
5, 23, 13043
List the prime factors of 1439.
1439
What are the prime factors of 1968198?
2, 3, 223, 1471
List the prime factors of 4119022.
2, 2059511
What are the prime factors of 2330386?
2, 1165193
What are the prime factors of 15223?
13, 1171
List the prime factors of 368637.
3, 103, 1193
What are the prime factors of 21268186?
2, 389, 27337
What are the prime factors of 530975?
5, 67, 317
What are the prime factors of 353360?
2, 5, 7, 631
What are the prime factors of 193625?
5, 1549
List the prime factors of 2183956.
2, 17, 32117
List the prime factors of 324113.
324113
What are the prime factors of 19863628?
2, 23, 215909
List the prime factors of 173625.
3, 5, 463
What are the prime factors of 525555?
3, 5, 17, 229
List the prime factors of 2227292.
2, 556823
What are the prime factors of 2179094?
2, 17, 64091
List the prime factors of 221595.
3, 5, 11, 17, 79
What are the prime factors of 38431095?
3, 5, 53, 48341
What are the prime factors of 21032699?
21032699
What are the prime factors of 8248?
2, 1031
What are the prime factors of 115311?
3, 7, 17, 19
What are the prime factors of 14166988?
2, 11, 23, 13999
What are the prime factors of 824693?
31, 37, 719
List the prime factors of 26701709.
26701709
What are the prime factors of 4263935?
5, 13, 65599
List the prime factors of 203095.
5, 151, 269
List the prime factors of 764685.
3, 5, 16993
List the prime factors of 386184.
2, 3, 16091
List the prime factors of 89727.
3, 11, 2719
What are the prime factors of 17187538?
2, 71, 121039
List the prime factors of 156595.
5, 31319
What are the prime factors of 115704?
2, 3, 1607
List the prime factors of 390043.
390043
List the prime factors of 379336.
2, 47417
What are the prime factors of 1670379?
3, 556793
List the prime factors of 4333341.
3, 1444447
List the prime factors of 7686377.
97, 79241
List the prime factors of 871454.
2, 17, 19, 71
List the prime factors of 5496178.
2, 2748089
What are the prime factors of 3045161?
7, 31, 14033
What are the prime factors of 590877?
3, 7, 83, 113
What are the prime factors of 3396061?
383, 8867
What are the prime factors of 21819859?
97, 224947
What are the prime factors of 705657?
3, 29, 8111
List the prime factors of 506875.
5, 811
List the prime factors of 375942.
2, 3, 7, 8951
List the prime factors of 51316.
2, 12829
What are the prime factors of 18276606?
2, 3, 1015367
What are the prime factors of 2957880?
2, 3, 5, 157
What are the prime factors of 230656?
2, 17, 53
List the prime factors of 441750.
2, 3, 5, 19, 31
List the prime factors of 187276.
2, 46819
What are the prime factors of 109919?
109919
What are the prime factors of 2032850?
2, 5, 109, 373
List the prime factors of 2710880.
2, 5, 16943
What are the prime factors of 1492557?
3, 11, 31, 1459
What are the prime factors of 18901966?
2, 2333, 4051
What are the prime factors of 123996?
2, 3, 10333
What are the prime factors of 1124534?
2, 19, 101, 293
What are the prime factors of 193032?
2, 3, 7, 383
List the prime factors of 493936.
2, 30871
List the prime factors of 3730530.
2, 3, 5, 124351
What are the prime factors of 461176?
2, 17, 3391
List the prime factors of 219039.
3, 73013
What are the prime factors of 231494?
2, 283, 409
List the prime factors of 9319619.
9319619
What are the prime factors of 3666591?
3, 23, 17713
List the prime factors of 1930622.
2, 17, 56783
What are the prime factors of 411820?
2, 5, 59, 349
What are the prime factors of 1570470?
2, 3, 5, 11, 4759
List the prime factors of 10792071.
3, 71, 16889
What are the prime factors of 1625815?
5, 325163
List the prime factors of 143382.
2, 3, 23, 1039
What are the prime factors of 114253?
61, 1873
List the prime factors of 426149.
47, 9067
List the prime factors of 2530827.
3, 13, 97, 223
What are the prime factors of 1925452?
2, 481363
List the prime factors of 33250262.
2, 41, 405491
What are the prime factors of 3301962?
2, 3, 353, 1559
List the prime factors of 6626120.
2, 5, 165653
List the prime factors of 140990.
2, 5, 23, 613
List the prime factors of 20036.
2, 5009
List the prime factors of 6075657.
3, 7, 23, 599
What are the prime factors of 7124688?
2, 3, 49477
List the prime factors of 288237.
3, 96079
List the prime factors of 6632933.
67, 98999
What are the prime factors of 1116932?
2, 1